actor of 138 and 483?
69
What is the highest common factor of 897 and 253?
23
Calculate the greatest common divisor of 1099 and 2.
1
What is the highest common factor of 136 and 170?
34
Calculate the greatest common factor of 39 and 18993.
39
What is the highest common factor of 2656 and 581?
83
What is the greatest common divisor of 165 and 90?
15
Calculate the greatest common divisor of 935 and 55.
55
Calculate the greatest common divisor of 21 and 483.
21
What is the highest common factor of 651 and 6293?
217
Calculate the highest common divisor of 30 and 315.
15
Calculate the greatest common divisor of 1 and 17.
1
Calculate the highest common divisor of 508 and 24.
4
What is the highest common divisor of 267 and 3?
3
What is the greatest common divisor of 100 and 4?
4
Calculate the greatest common factor of 154 and 6083.
77
What is the highest common divisor of 28 and 63?
7
What is the greatest common divisor of 70 and 28?
14
What is the highest common divisor of 36 and 144?
36
What is the greatest common divisor of 72 and 312?
24
Calculate the greatest common divisor of 2860 and 80.
20
What is the greatest common divisor of 4494 and 210?
42
What is the highest common divisor of 77 and 2453?
11
Calculate the greatest common divisor of 96 and 1524.
12
Calculate the greatest common divisor of 279 and 62.
31
Calculate the greatest common divisor of 3162 and 372.
186
What is the highest common divisor of 80 and 6680?
40
Calculate the highest common divisor of 846 and 72.
18
What is the greatest common factor of 18 and 171?
9
Calculate the highest common divisor of 40 and 740.
20
Calculate the greatest common divisor of 52 and 4654.
26
Calculate the greatest common factor of 34 and 425.
17
What is the greatest common divisor of 8174 and 134?
134
Calculate the greatest common divisor of 54 and 36.
18
Calculate the greatest common divisor of 1350 and 54.
54
Calculate the highest common factor of 1027 and 611.
13
Calculate the highest common factor of 36 and 2256.
12
Calculate the highest common factor of 1122 and 204.
102
Calculate the greatest common divisor of 7 and 12593.
7
What is the greatest common factor of 12052 and 92?
92
What is the greatest common divisor of 208 and 3016?
104
What is the greatest common divisor of 989 and 43?
43
What is the greatest common divisor of 333 and 72?
9
Calculate the greatest common factor of 106 and 53.
53
Calculate the highest common divisor of 2241 and 567.
27
Calculate the greatest common divisor of 2 and 14.
2
What is the greatest common factor of 703 and 361?
19
What is the highest common divisor of 11290 and 20?
10
Calculate the greatest common factor of 371 and 7.
7
Calculate the greatest common factor of 495 and 2565.
45
What is the greatest common divisor of 180 and 225?
45
Calculate the highest common divisor of 234 and 130.
26
What is the greatest common divisor of 88 and 18304?
88
Calculate the highest common factor of 10 and 3510.
10
Calculate the highest common factor of 11 and 4664.
11
What is the highest common factor of 5526 and 18?
18
What is the highest common divisor of 17486 and 14?
14
Calculate the greatest common factor of 46 and 4.
2
Calculate the greatest common divisor of 60 and 2202.
6
What is the greatest common divisor of 72 and 171?
9
Calculate the greatest common divisor of 700 and 217.
7
What is the greatest common divisor of 170 and 14025?
85
Calculate the greatest common factor of 6660 and 40.
20
What is the greatest common divisor of 17 and 17?
17
What is the greatest common factor of 552 and 96?
24
What is the highest common divisor of 38 and 114?
38
What is the highest common divisor of 2608 and 489?
163
What is the highest common factor of 12 and 11532?
12
Calculate the greatest common divisor of 476 and 1020.
68
Calculate the highest common factor of 248 and 8.
8
Calculate the greatest common divisor of 444 and 36.
12
Calculate the highest common factor of 196 and 74284.
196
What is the highest common factor of 12 and 69?
3
Calculate the highest common factor of 608 and 2888.
152
Calculate the highest common factor of 384 and 12.
12
What is the greatest common factor of 206 and 8755?
103
Calculate the greatest common divisor of 29 and 232.
29
What is the highest common divisor of 76 and 14782?
38
Calculate the greatest common divisor of 85 and 68.
17
What is the highest common factor of 59 and 38232?
59
What is the highest common factor of 2 and 8?
2
What is the highest common divisor of 462 and 966?
42
Calculate the greatest common factor of 14 and 2296.
14
Calculate the greatest common factor of 247 and 1105.
13
Calculate the greatest common factor of 308 and 140.
28
Calculate the greatest common factor of 50 and 1225.
25
Calculate the greatest common factor of 1584 and 308.
44
Calculate the highest common divisor of 4 and 96.
4
What is the greatest common divisor of 136 and 32?
8
Calculate the greatest common factor of 979 and 22.
11
What is the greatest common factor of 24 and 9?
3
Calculate the highest common factor of 5 and 95.
5
What is the greatest common factor of 525 and 42?
21
Calculate the greatest common factor of 125 and 65.
5
Calculate the greatest common factor of 13 and 1352.
13
What is the highest common divisor of 53497 and 61?
61
What is the greatest common factor of 8 and 356?
4
What is the highest common factor of 67 and 335?
67
What is the greatest common factor of 3544 and 8?
8
What is the highest common factor of 26 and 273?
13
What is the highest common divisor of 1892 and 3344?
44
Calculate the highest common divisor of 1944 and 24.
24
What is the highest common divisor of 5 and 355?
5
What is the highest common divisor of 51 and 969?
51
Calculate the greatest common factor of 15 and 525.
15
Calculate the highest common factor of 2756 and 52.
52
Calculate the greatest common factor of 3136 and 384.
64
Calculate the highest common divisor of 1485 and 1815.
165
What is the highest common factor of 2378 and 82?
82
What is the highest common divisor of 8639 and 326?
163
Calculate the greatest common divisor of 68 and 3026.
34
What is the greatest common divisor of 1611 and 4654?
179
What is the highest common factor of 55 and 200?
5
What is the highest common divisor of 1007 and 106?
53
What is the greatest common factor of 189 and 999?
27
Calculate the greatest common factor of 44 and 110.
22
Calculate the highest common divisor of 224 and 352.
32
What is the highest common divisor of 147 and 98?
49
Calculate the highest common divisor of 170 and 54655.
85
Calculate the highest common divisor of 82 and 10.
2
Calculate the greatest common factor of 28025 and 177.
59
Calculate the greatest common divisor of 10 and 15350.
10
What is the greatest common factor of 114 and 3705?
57
Calculate the greatest common factor of 1649 and 68.
17
Calculate the highest common factor of 3 and 2283.
3
Calculate the greatest common factor of 116 and 145.
29
Calculate the highest common factor of 15 and 145.
5
Calculate the highest common divisor of 5962 and 22.
22
Calculate the highest common factor of 16 and 104.
8
Calculate the highest common divisor of 99 and 132.
33
Calculate the greatest common divisor of 16863 and 1155.
231
What is the greatest common divisor of 95 and 171?
19
What is the highest common divisor of 132 and 84?
12
Calculate the greatest common factor of 228 and 1539.
57
What is the highest common factor of 2 and 179?
1
Calculate the highest common factor of 469 and 4288.
67
What is the greatest common factor of 20 and 5?
5
What is the greatest common divisor of 13057 and 11?
11
What is the highest common divisor of 80 and 2224?
16
What is the highest common divisor of 330 and 66?
66
Calculate the highest common divisor of 22 and 99.
11
Calculate the greatest common divisor of 3729 and 113.
113
What is the greatest common factor of 15 and 165?
15
What is the greatest common factor of 605 and 385?
55
What is the greatest common factor of 400 and 175?
25
Calculate the highest common factor of 804 and 24.
12
What is the highest common factor of 550 and 33?
11
Calculate the highest common divisor of 14693 and 7.
7
What is the highest common divisor of 32 and 2208?
32
What is the highest common factor of 75 and 15?
15
What is the highest common 